{"id":22715,"date":"2024-09-13T14:58:15","date_gmt":"2024-09-13T12:58:15","guid":{"rendered":"https:\/\/gabyceramique.fr\/?page_id=22715"},"modified":"2024-09-13T15:26:50","modified_gmt":"2024-09-13T13:26:50","slug":"mentions-legales-2","status":"publish","type":"page","link":"https:\/\/gabyceramique.fr\/?page_id=22715","title":{"rendered":"Mentions l\u00e9gales"},"content":{"rendered":"\t\t<div data-elementor-type=\"wp-page\" data-elementor-id=\"22715\" class=\"elementor elementor-22715\">\n\t\t\t\t<div class=\"elementor-element elementor-element-61f493f7 e-flex e-con-boxed e-con e-parent\" data-id=\"61f493f7\" data-element_type=\"container\" data-settings=\"{&quot;background_background&quot;:&quot;classic&quot;}\">\n\t\t\t\t\t<div class=\"e-con-inner\">\n\t\t\t\t<div class=\"elementor-element elementor-element-77a0e0df elementor-widget elementor-widget-text-editor\" data-id=\"77a0e0df\" data-element_type=\"widget\" data-widget_type=\"text-editor.default\">\n\t\t\t\t<div class=\"elementor-widget-container\">\n\t\t\t<style>\/*! elementor - v3.21.0 - 26-05-2024 *\/\n.elementor-widget-text-editor.elementor-drop-cap-view-stacked .elementor-drop-cap{background-color:#69727d;color:#fff}.elementor-widget-text-editor.elementor-drop-cap-view-framed .elementor-drop-cap{color:#69727d;border:3px solid;background-color:transparent}.elementor-widget-text-editor:not(.elementor-drop-cap-view-default) .elementor-drop-cap{margin-top:8px}.elementor-widget-text-editor:not(.elementor-drop-cap-view-default) .elementor-drop-cap-letter{width:1em;height:1em}.elementor-widget-text-editor .elementor-drop-cap{float:left;text-align:center;line-height:1;font-size:50px}.elementor-widget-text-editor .elementor-drop-cap-letter{display:inline-block}<\/style>\t\t\t\t<!-- wp:paragraph -->\n<p><strong>MENTIONS LEGALES<\/strong><\/p>\n<!-- \/wp:paragraph -->\n\n<!-- wp:paragraph -->\n<p>Ce site est l&rsquo;enti\u00e8re propri\u00e9t\u00e9 de Gaby C\u00e9ramique toute reproduction, m\u00eame partielle, de ce site est strictement interdite.<\/p>\n<!-- \/wp:paragraph -->\n\n<!-- wp:paragraph -->\n<p>contact : <a href=\"mailto:info@gabyceramique.fr\" target=\"_blank\" rel=\"noreferrer noopener\">info@gabyceramique.fr<\/a><\/p>\n<!-- \/wp:paragraph -->\n\n<!-- wp:paragraph -->\n<p><strong>Informatique et libert\u00e9s&nbsp;<\/strong><\/p>\n<!-- \/wp:paragraph -->\n\n<!-- wp:paragraph -->\n<p>Conform\u00e9ment \u00e0 la loi \u00ab\u00a0Informatique et Libert\u00e9s\u00a0\u00bb du 6 janvier 1978 (art. 34), vous disposez d&rsquo;un droit d&rsquo;acc\u00e8s, de modification, de rectification et de suppression des donn\u00e9es qui vous concernent. Pour exercer ce droit, adressez-vous simplement par e-mail \u00e0 contact@boomerang-web.fr&nbsp;Aucune information personnelle n&rsquo;est collect\u00e9e \u00e0 votre insu ni c\u00e9d\u00e9e \u00e0 des tiers.<\/p>\n<!-- \/wp:paragraph -->\n\n<!-- wp:paragraph -->\n<p><strong>Liens externes&nbsp;<\/strong><\/p>\n<!-- \/wp:paragraph -->\n\n<!-- wp:paragraph -->\n<p>Les liens de cette zone qui vous font quitter le site www.gabyceramique.fr vers les sites cibles ne sont pas sous notre responsabilit\u00e9 concernant le contenu de ces sites, les liens qu&rsquo;ils contiennent ni les changements ou mises \u00e0 jour qui leur sont apport\u00e9s.<\/p>\n<!-- \/wp:paragraph -->\t\t\t\t\t\t<\/div>\n\t\t\t\t<\/div>\n\t\t\t\t\t<\/div>\n\t\t\t\t<\/div>\n\t\t<div class=\"elementor-element elementor-element-57601a9 e-con-full e-flex e-con e-parent\" data-id=\"57601a9\" data-element_type=\"container\" data-settings=\"{&quot;background_background&quot;:&quot;classic&quot;}\">\n\t\t<div class=\"elementor-element elementor-element-9c50480 e-flex e-con-boxed e-con e-child\" data-id=\"9c50480\" data-element_type=\"container\">\n\t\t\t\t\t<div class=\"e-con-inner\">\n\t\t<div class=\"elementor-element elementor-element-9a60f4d e-con-full e-flex e-con e-child\" data-id=\"9a60f4d\" data-element_type=\"container\">\n\t\t<div class=\"elementor-element elementor-element-8f15492 e-con-full e-flex e-con e-child\" data-id=\"8f15492\" data-element_type=\"container\">\n\t\t\t\t<div class=\"elementor-element elementor-element-1c9bb58 elementor-widget__width-initial elementor-widget elementor-widget-heading\" data-id=\"1c9bb58\" data-element_type=\"widget\" data-widget_type=\"heading.default\">\n\t\t\t\t<div class=\"elementor-widget-container\">\n\t\t\t<style>\/*! elementor - v3.21.0 - 26-05-2024 *\/\n.elementor-heading-title{padding:0;margin:0;line-height:1}.elementor-widget-heading .elementor-heading-title[class*=elementor-size-]>a{color:inherit;font-size:inherit;line-height:inherit}.elementor-widget-heading .elementor-heading-title.elementor-size-small{font-size:15px}.elementor-widget-heading .elementor-heading-title.elementor-size-medium{font-size:19px}.elementor-widget-heading .elementor-heading-title.elementor-size-large{font-size:29px}.elementor-widget-heading .elementor-heading-title.elementor-size-xl{font-size:39px}.elementor-widget-heading .elementor-heading-title.elementor-size-xxl{font-size:59px}<\/style><div class=\"elementor-heading-title elementor-size-default\">O\u00f9 aller ?<\/div>\t\t<\/div>\n\t\t\t\t<\/div>\n\t\t\t\t<div class=\"elementor-element elementor-element-1ef3e4d elementor-widget elementor-widget-text-editor\" data-id=\"1ef3e4d\" data-element_type=\"widget\" data-widget_type=\"text-editor.default\">\n\t\t\t\t<div class=\"elementor-widget-container\">\n\t\t\t\t\t\t\t11 rue du Capitaine Dreyfus,<br\/>au Centre JAD \u00e0 68510 Sierentz\t\t\t\t\t\t<\/div>\n\t\t\t\t<\/div>\n\t\t\t\t<\/div>\n\t\t<div class=\"elementor-element elementor-element-e6af7a5 e-flex e-con-boxed e-con e-child\" data-id=\"e6af7a5\" data-element_type=\"container\">\n\t\t\t\t\t<div class=\"e-con-inner\">\n\t\t<div class=\"elementor-element elementor-element-d6be1af e-con-full e-flex e-con e-child\" data-id=\"d6be1af\" data-element_type=\"container\">\n\t\t\t\t<div class=\"elementor-element elementor-element-a86eb13 elementor-widget__width-initial elementor-widget elementor-widget-heading\" data-id=\"a86eb13\" data-element_type=\"widget\" data-widget_type=\"heading.default\">\n\t\t\t\t<div class=\"elementor-widget-container\">\n\t\t\t<div class=\"elementor-heading-title elementor-size-default\">\u00c0 quelles heures ?<\/div>\t\t<\/div>\n\t\t\t\t<\/div>\n\t\t<div class=\"elementor-element elementor-element-544b57b e-flex e-con-boxed e-con e-child\" data-id=\"544b57b\" data-element_type=\"container\">\n\t\t\t\t\t<div class=\"e-con-inner\">\n\t\t<div class=\"elementor-element elementor-element-317fe5d e-con-full e-flex e-con e-child\" data-id=\"317fe5d\" data-element_type=\"container\">\n\t\t\t\t<div class=\"elementor-element elementor-element-e653372 elementor-widget__width-initial elementor-widget elementor-widget-heading\" data-id=\"e653372\" data-element_type=\"widget\" data-widget_type=\"heading.default\">\n\t\t\t\t<div class=\"elementor-widget-container\">\n\t\t\t<div class=\"elementor-heading-title elementor-size-default\">Lundi :<\/div>\t\t<\/div>\n\t\t\t\t<\/div>\n\t\t\t\t<div class=\"elementor-element elementor-element-677de56 elementor-widget__width-initial elementor-widget elementor-widget-heading\" data-id=\"677de56\" data-element_type=\"widget\" data-widget_type=\"heading.default\">\n\t\t\t\t<div class=\"elementor-widget-container\">\n\t\t\t<div class=\"elementor-heading-title elementor-size-default\">Mardi :<\/div>\t\t<\/div>\n\t\t\t\t<\/div>\n\t\t\t\t<div class=\"elementor-element elementor-element-9929ad0 elementor-widget__width-initial elementor-widget elementor-widget-heading\" data-id=\"9929ad0\" data-element_type=\"widget\" data-widget_type=\"heading.default\">\n\t\t\t\t<div class=\"elementor-widget-container\">\n\t\t\t<div class=\"elementor-heading-title elementor-size-default\">Mercredi :<\/div>\t\t<\/div>\n\t\t\t\t<\/div>\n\t\t\t\t<div class=\"elementor-element elementor-element-c23f65a elementor-widget__width-initial elementor-widget elementor-widget-heading\" data-id=\"c23f65a\" data-element_type=\"widget\" data-widget_type=\"heading.default\">\n\t\t\t\t<div class=\"elementor-widget-container\">\n\t\t\t<div class=\"elementor-heading-title elementor-size-default\">Jeudi :<\/div>\t\t<\/div>\n\t\t\t\t<\/div>\n\t\t\t\t<div class=\"elementor-element elementor-element-9fdb3c1 elementor-widget__width-initial elementor-widget elementor-widget-heading\" data-id=\"9fdb3c1\" data-element_type=\"widget\" data-widget_type=\"heading.default\">\n\t\t\t\t<div class=\"elementor-widget-container\">\n\t\t\t<div class=\"elementor-heading-title elementor-size-default\">Vendredi :<\/div>\t\t<\/div>\n\t\t\t\t<\/div>\n\t\t\t\t<div class=\"elementor-element elementor-element-96d334d elementor-widget__width-initial elementor-widget elementor-widget-heading\" data-id=\"96d334d\" data-element_type=\"widget\" data-widget_type=\"heading.default\">\n\t\t\t\t<div class=\"elementor-widget-container\">\n\t\t\t<div class=\"elementor-heading-title elementor-size-default\">Samedi :<\/div>\t\t<\/div>\n\t\t\t\t<\/div>\n\t\t\t\t<div class=\"elementor-element elementor-element-542de51 elementor-widget__width-initial elementor-widget elementor-widget-heading\" data-id=\"542de51\" data-element_type=\"widget\" data-widget_type=\"heading.default\">\n\t\t\t\t<div class=\"elementor-widget-container\">\n\t\t\t<div class=\"elementor-heading-title elementor-size-default\">Dimanche :<\/div>\t\t<\/div>\n\t\t\t\t<\/div>\n\t\t\t\t<\/div>\n\t\t<div class=\"elementor-element elementor-element-923ac88 e-con-full e-flex e-con e-child\" data-id=\"923ac88\" data-element_type=\"container\">\n\t\t\t\t<div class=\"elementor-element elementor-element-90b733d elementor-widget__width-initial elementor-widget elementor-widget-heading\" data-id=\"90b733d\" data-element_type=\"widget\" data-widget_type=\"heading.default\">\n\t\t\t\t<div class=\"elementor-widget-container\">\n\t\t\t<div class=\"elementor-heading-title elementor-size-default\">Ferm\u00e9<\/div>\t\t<\/div>\n\t\t\t\t<\/div>\n\t\t\t\t<div class=\"elementor-element elementor-element-971d5d6 elementor-widget__width-initial elementor-widget elementor-widget-heading\" data-id=\"971d5d6\" data-element_type=\"widget\" data-widget_type=\"heading.default\">\n\t\t\t\t<div class=\"elementor-widget-container\">\n\t\t\t<div class=\"elementor-heading-title elementor-size-default\">14h00 - 21h30<\/div>\t\t<\/div>\n\t\t\t\t<\/div>\n\t\t\t\t<div class=\"elementor-element elementor-element-f965475 elementor-widget__width-initial elementor-widget elementor-widget-heading\" data-id=\"f965475\" data-element_type=\"widget\" data-widget_type=\"heading.default\">\n\t\t\t\t<div class=\"elementor-widget-container\">\n\t\t\t<div class=\"elementor-heading-title elementor-size-default\">9h00 - 12h00 et 16h30 - 21h00<\/div>\t\t<\/div>\n\t\t\t\t<\/div>\n\t\t\t\t<div class=\"elementor-element elementor-element-9bf7d47 elementor-widget__width-initial elementor-widget elementor-widget-heading\" data-id=\"9bf7d47\" data-element_type=\"widget\" data-widget_type=\"heading.default\">\n\t\t\t\t<div class=\"elementor-widget-container\">\n\t\t\t<div class=\"elementor-heading-title elementor-size-default\">Ferm\u00e9<\/div>\t\t<\/div>\n\t\t\t\t<\/div>\n\t\t\t\t<div class=\"elementor-element elementor-element-4a7b527 elementor-widget__width-initial elementor-widget elementor-widget-heading\" data-id=\"4a7b527\" data-element_type=\"widget\" data-widget_type=\"heading.default\">\n\t\t\t\t<div class=\"elementor-widget-container\">\n\t\t\t<div class=\"elementor-heading-title elementor-size-default\">9h00 - 12h00 et 14h00 - 18h00*<\/div>\t\t<\/div>\n\t\t\t\t<\/div>\n\t\t\t\t<div class=\"elementor-element elementor-element-730c09c elementor-widget__width-initial elementor-widget elementor-widget-heading\" data-id=\"730c09c\" data-element_type=\"widget\" data-widget_type=\"heading.default\">\n\t\t\t\t<div class=\"elementor-widget-container\">\n\t\t\t<div class=\"elementor-heading-title elementor-size-default\">9h00 - 12h00 et 14h00 - 17h30*<\/div>\t\t<\/div>\n\t\t\t\t<\/div>\n\t\t\t\t<div class=\"elementor-element elementor-element-0103688 elementor-widget__width-initial elementor-widget elementor-widget-heading\" data-id=\"0103688\" data-element_type=\"widget\" data-widget_type=\"heading.default\">\n\t\t\t\t<div class=\"elementor-widget-container\">\n\t\t\t<div class=\"elementor-heading-title elementor-size-default\">9h30 - 12h00*<\/div>\t\t<\/div>\n\t\t\t\t<\/div>\n\t\t\t\t<\/div>\n\t\t\t\t\t<\/div>\n\t\t\t\t<\/div>\n\t\t\t\t<\/div>\n\t\t\t\t<div class=\"elementor-element elementor-element-6b0e4f5 elementor-widget__width-initial elementor-widget elementor-widget-heading\" data-id=\"6b0e4f5\" data-element_type=\"widget\" data-widget_type=\"heading.default\">\n\t\t\t\t<div class=\"elementor-widget-container\">\n\t\t\t<div class=\"elementor-heading-title elementor-size-default\">*horaires variables en fonction des ateliers.<\/div>\t\t<\/div>\n\t\t\t\t<\/div>\n\t\t\t\t\t<\/div>\n\t\t\t\t<\/div>\n\t\t<div class=\"elementor-element elementor-element-aaf9332 e-con-full e-flex e-con e-child\" data-id=\"aaf9332\" data-element_type=\"container\">\n\t\t\t\t<div class=\"elementor-element elementor-element-23f63f2 elementor-widget__width-initial elementor-widget elementor-widget-heading\" data-id=\"23f63f2\" data-element_type=\"widget\" data-widget_type=\"heading.default\">\n\t\t\t\t<div class=\"elementor-widget-container\">\n\t\t\t<div class=\"elementor-heading-title elementor-size-default\">Me contacter ?<\/div>\t\t<\/div>\n\t\t\t\t<\/div>\n\t\t<div class=\"elementor-element elementor-element-2d1c193 e-con-full e-flex e-con e-child\" data-id=\"2d1c193\" data-element_type=\"container\">\n\t\t<div class=\"elementor-element elementor-element-b277707 e-con-full e-flex e-con e-child\" data-id=\"b277707\" data-element_type=\"container\">\n\t\t\t\t<div class=\"elementor-element elementor-element-9bb1b37 elementor-widget__width-initial elementor-absolute elementor-widget elementor-widget-heading\" data-id=\"9bb1b37\" data-element_type=\"widget\" data-settings=\"{&quot;_position&quot;:&quot;absolute&quot;}\" data-widget_type=\"heading.default\">\n\t\t\t\t<div class=\"elementor-widget-container\">\n\t\t\t<div class=\"elementor-heading-title elementor-size-default\">07 81 88 12 72<\/div>\t\t<\/div>\n\t\t\t\t<\/div>\n\t\t\t\t<div class=\"elementor-element elementor-element-2a664e3 elementor-widget__width-initial elementor-absolute elementor-widget elementor-widget-heading\" data-id=\"2a664e3\" data-element_type=\"widget\" data-settings=\"{&quot;_position&quot;:&quot;absolute&quot;}\" data-widget_type=\"heading.default\">\n\t\t\t\t<div class=\"elementor-widget-container\">\n\t\t\t<div class=\"elementor-heading-title elementor-size-default\">info@gabyceramique.fr<\/div>\t\t<\/div>\n\t\t\t\t<\/div>\n\t\t\t\t<\/div>\n\t\t\t\t<\/div>\n\t\t\t\t<\/div>\n\t\t\t\t<\/div>\n\t\t<div class=\"elementor-element elementor-element-8a00522 e-con-full e-flex e-con e-child\" data-id=\"8a00522\" data-element_type=\"container\">\n\t\t\t\t<div class=\"elementor-element elementor-element-5c57111 elementor-widget elementor-widget-google_maps\" data-id=\"5c57111\" data-element_type=\"widget\" data-widget_type=\"google_maps.default\">\n\t\t\t\t<div class=\"elementor-widget-container\">\n\t\t\t<style>\/*! elementor - v3.21.0 - 26-05-2024 *\/\n.elementor-widget-google_maps .elementor-widget-container{overflow:hidden}.elementor-widget-google_maps .elementor-custom-embed{line-height:0}.elementor-widget-google_maps iframe{height:300px}<\/style>\t\t<div class=\"elementor-custom-embed\">\n\t\t\t<iframe loading=\"lazy\"\n\t\t\t\t\tsrc=\"https:\/\/maps.google.com\/maps?q=11%20rue%20du%20Capitaine%20Dreyfus%20Sierentz&#038;t=m&#038;z=10&#038;output=embed&#038;iwloc=near\"\n\t\t\t\t\ttitle=\"11 rue du Capitaine Dreyfus Sierentz\"\n\t\t\t\t\taria-label=\"11 rue du Capitaine Dreyfus Sierentz\"\n\t\t\t><\/iframe>\n\t\t<\/div>\n\t\t\t\t<\/div>\n\t\t\t\t<\/div>\n\t\t<div class=\"elementor-element elementor-element-5869d0f e-con-full e-flex e-con e-child\" data-id=\"5869d0f\" data-element_type=\"container\">\n\t\t\t\t<div class=\"elementor-element elementor-element-29d2b87 elementor-widget__width-initial elementor-widget elementor-widget-heading\" data-id=\"29d2b87\" data-element_type=\"widget\" data-widget_type=\"heading.default\">\n\t\t\t\t<div class=\"elementor-widget-container\">\n\t\t\t<div class=\"elementor-heading-title elementor-size-default\">Mes r\u00e9seaux :<\/div>\t\t<\/div>\n\t\t\t\t<\/div>\n\t\t<div class=\"elementor-element elementor-element-c991a31 e-flex e-con-boxed e-con e-child\" data-id=\"c991a31\" data-element_type=\"container\">\n\t\t\t\t\t<div class=\"e-con-inner\">\n\t\t\t\t<div class=\"elementor-element elementor-element-de2dae7 elementor-view-default elementor-widget elementor-widget-icon\" data-id=\"de2dae7\" data-element_type=\"widget\" data-widget_type=\"icon.default\">\n\t\t\t\t<div class=\"elementor-widget-container\">\n\t\t\t\t\t<div class=\"elementor-icon-wrapper\">\n\t\t\t<a class=\"elementor-icon\" href=\"https:\/\/www.instagram.com\/gabyceramique?utm_source=ig_web_button_share_sheet&#038;igsh=ZDNlZDc0MzIxNw==\">\n\t\t\t<svg xmlns=\"http:\/\/www.w3.org\/2000\/svg\" width=\"35\" height=\"35\" viewBox=\"0 0 35 35\" fill=\"none\"><path d=\"M19.5374 0.443359C21.4698 0.448512 22.4506 0.458819 23.2974 0.482866L23.6306 0.49489C24.0154 0.508631 24.395 0.525808 24.8536 0.54642C26.6813 0.632305 27.9283 0.920877 29.0225 1.34515C30.1561 1.78144 31.1112 2.37232 32.0662 3.32564C32.9396 4.1843 33.6155 5.22298 34.0467 6.36938C34.471 7.46355 34.7595 8.71059 34.8454 10.5399C34.866 10.9968 34.8832 11.3764 34.8969 11.7629L34.9073 12.0961C34.933 12.9413 34.9433 13.922 34.9468 15.8544L34.9485 17.1358V19.386C34.9527 20.6389 34.9395 21.8918 34.909 23.1443L34.8987 23.4775C34.8849 23.864 34.8678 24.2436 34.8471 24.7005C34.7613 26.5299 34.4692 27.7752 34.0467 28.8711C33.6167 30.0181 32.9407 31.057 32.0662 31.9148C31.2073 32.788 30.1687 33.4637 29.0225 33.8953C27.9283 34.3196 26.6813 34.6082 24.8536 34.694C24.4461 34.7132 24.0384 34.7304 23.6306 34.7456L23.2974 34.7559C22.4506 34.7799 21.4698 34.7919 19.5374 34.7954L18.256 34.7971H16.0075C14.7541 34.8014 13.5006 34.7883 12.2475 34.7576L11.9143 34.7473C11.5065 34.7318 11.0989 34.7141 10.6913 34.694C8.86369 34.6082 7.61665 34.3196 6.52076 33.8953C5.3745 33.4648 4.33624 32.7889 3.47874 31.9148C2.60451 31.0565 1.92805 30.0177 1.49653 28.8711C1.07226 27.7769 0.783687 26.5299 0.697802 24.7005C0.678665 24.293 0.661488 23.8853 0.646272 23.4775L0.637683 23.1443C0.60603 21.8918 0.591714 20.6389 0.594741 19.386V15.8544C0.589947 14.6016 0.602545 13.3487 0.63253 12.0961L0.644554 11.7629C0.658296 11.3764 0.675472 10.9968 0.696085 10.5399C0.781969 8.71059 1.07054 7.46526 1.49481 6.36938C1.92614 5.2218 2.60395 4.1828 3.48046 3.32564C4.33774 2.45215 5.37531 1.77626 6.52076 1.34515C7.61665 0.920877 8.86197 0.632305 10.6913 0.54642C11.1482 0.525808 11.5295 0.508631 11.9143 0.49489L12.2475 0.484584C13.5001 0.454065 14.7529 0.440895 16.0058 0.445077L19.5374 0.443359ZM17.7716 9.03179C15.4938 9.03179 13.3093 9.93664 11.6987 11.5473C10.088 13.1579 9.18318 15.3424 9.18318 17.6202C9.18318 19.898 10.088 22.0825 11.6987 23.6932C13.3093 25.3038 15.4938 26.2087 17.7716 26.2087C20.0494 26.2087 22.2339 25.3038 23.8446 23.6932C25.4552 22.0825 26.36 19.898 26.36 17.6202C26.36 15.3424 25.4552 13.1579 23.8446 11.5473C22.2339 9.93664 20.0494 9.03179 17.7716 9.03179ZM17.7716 12.4672C18.4483 12.4671 19.1184 12.6002 19.7437 12.8591C20.3689 13.118 20.937 13.4974 21.4156 13.9759C21.8942 14.4543 22.2739 15.0223 22.5329 15.6474C22.792 16.2726 22.9254 16.9427 22.9255 17.6194C22.9256 18.2961 22.7925 18.9662 22.5336 19.5914C22.2747 20.2167 21.8953 20.7848 21.4168 21.2634C20.9384 21.742 20.3704 22.1216 19.7453 22.3807C19.1201 22.6398 18.45 22.7732 17.7733 22.7733C16.4067 22.7733 15.096 22.2304 14.1296 21.264C13.1632 20.2976 12.6203 18.9869 12.6203 17.6202C12.6203 16.2536 13.1632 14.9429 14.1296 13.9765C15.096 13.0101 16.4067 12.4672 17.7733 12.4672M26.7912 6.45526C26.2217 6.45526 25.6756 6.68148 25.273 7.08414C24.8703 7.4868 24.6441 8.03292 24.6441 8.60237C24.6441 9.17182 24.8703 9.71795 25.273 10.1206C25.6756 10.5233 26.2217 10.7495 26.7912 10.7495C27.3606 10.7495 27.9068 10.5233 28.3094 10.1206C28.7121 9.71795 28.9383 9.17182 28.9383 8.60237C28.9383 8.03292 28.7121 7.4868 28.3094 7.08414C27.9068 6.68148 27.3606 6.45526 26.7912 6.45526Z\" fill=\"#272727\"><\/path><\/svg>\t\t\t<\/a>\n\t\t<\/div>\n\t\t\t\t<\/div>\n\t\t\t\t<\/div>\n\t\t\t\t<div class=\"elementor-element elementor-element-c3e58fb elementor-view-default elementor-widget elementor-widget-icon\" data-id=\"c3e58fb\" data-element_type=\"widget\" data-widget_type=\"icon.default\">\n\t\t\t\t<div class=\"elementor-widget-container\">\n\t\t\t\t\t<div class=\"elementor-icon-wrapper\">\n\t\t\t<a class=\"elementor-icon\" href=\"https:\/\/www.facebook.com\/gabyritter.ceramique\">\n\t\t\t<svg xmlns=\"http:\/\/www.w3.org\/2000\/svg\" width=\"35\" height=\"35\" viewBox=\"0 0 35 35\" fill=\"none\"><path d=\"M34.5998 17.6202C34.5998 8.1386 26.9046 0.443359 17.423 0.443359C7.94133 0.443359 0.246094 8.1386 0.246094 17.6202C0.246094 25.9338 6.15494 32.8561 13.9876 34.4536V22.7733H10.5522V17.6202H13.9876V13.326C13.9876 10.0109 16.6844 7.31411 19.9995 7.31411H24.2937V12.4672H20.8583C19.9136 12.4672 19.1407 13.2401 19.1407 14.1849V17.6202H24.2937V22.7733H19.1407V34.7112C27.815 33.8524 34.5998 26.535 34.5998 17.6202Z\" fill=\"#272727\"><\/path><\/svg>\t\t\t<\/a>\n\t\t<\/div>\n\t\t\t\t<\/div>\n\t\t\t\t<\/div>\n\t\t\t\t\t<\/div>\n\t\t\t\t<\/div>\n\t\t\t\t<\/div>\n\t\t\t\t<\/div>\n\t\t\t\t\t<\/div>\n\t\t\t\t<\/div>\n\t\t<div class=\"elementor-element elementor-element-18cb1fc e-con-full e-flex e-con e-child\" data-id=\"18cb1fc\" data-element_type=\"container\">\n\t\t<div class=\"elementor-element elementor-element-c0f5f82 e-con-full e-flex e-con e-child\" data-id=\"c0f5f82\" data-element_type=\"container\">\n\t\t\t\t<div class=\"elementor-element elementor-element-bf29e74 elementor-widget__width-initial elementor-widget elementor-widget-heading\" data-id=\"bf29e74\" data-element_type=\"widget\" data-widget_type=\"heading.default\">\n\t\t\t\t<div class=\"elementor-widget-container\">\n\t\t\t<div class=\"elementor-heading-title elementor-size-default\"><a href=\"https:\/\/gabyceramique.fr\/?page_id=22715\" target=\"_blank\">Mentions l\u00e9gales<\/a><\/div>\t\t<\/div>\n\t\t\t\t<\/div>\n\t\t\t\t<div class=\"elementor-element elementor-element-6f69245 elementor-widget__width-initial elementor-widget elementor-widget-heading\" data-id=\"6f69245\" data-element_type=\"widget\" data-widget_type=\"heading.default\">\n\t\t\t\t<div class=\"elementor-widget-container\">\n\t\t\t<div class=\"elementor-heading-title elementor-size-default\"><a href=\"https:\/\/gabyceramique.fr\/?page_id=22719\" target=\"_blank\">Politique de confidentialit\u00e9<\/a><\/div>\t\t<\/div>\n\t\t\t\t<\/div>\n\t\t\t\t<\/div>\n\t\t\t\t<div class=\"elementor-element elementor-element-4efd210 elementor-widget__width-initial elementor-widget elementor-widget-heading\" data-id=\"4efd210\" data-element_type=\"widget\" data-widget_type=\"heading.default\">\n\t\t\t\t<div class=\"elementor-widget-container\">\n\t\t\t<div class=\"elementor-heading-title elementor-size-default\">\u00a9 Gaby C\u00e9ramique - 2024<\/div>\t\t<\/div>\n\t\t\t\t<\/div>\n\t\t\t\t<\/div>\n\t\t\t\t<\/div>\n\t\t\t\t<\/div>\n\t\t","protected":false},"excerpt":{"rendered":"<p>MENTIONS LEGALES Ce site est l&rsquo;enti\u00e8re propri\u00e9t\u00e9 de Gaby C\u00e9ramique toute reproduction, m\u00eame partielle, de ce site est strictement interdite. contact : info@gabyceramique.fr Informatique et libert\u00e9s&nbsp; Conform\u00e9ment \u00e0 la loi \u00ab\u00a0Informatique et Libert\u00e9s\u00a0\u00bb du 6 janvier 1978 (art. 34), vous disposez d&rsquo;un droit d&rsquo;acc\u00e8s, de modification, de rectification et de suppression des donn\u00e9es qui vous&#8230;<\/p>\n","protected":false},"author":1,"featured_media":0,"parent":0,"menu_order":0,"comment_status":"closed","ping_status":"closed","template":"","meta":{"_kad_post_transparent":"","_kad_post_title":"","_kad_post_layout":"","_kad_post_sidebar_id":"","_kad_post_content_style":"","_kad_post_vertical_padding":"","_kad_post_feature":"","_kad_post_feature_position":"","_kad_post_header":false,"_kad_post_footer":false,"footnotes":"","_advanced_animation_props":"","_moveable":"","_advanced_block_media_mapping":[]},"_links":{"self":[{"href":"https:\/\/gabyceramique.fr\/index.php?rest_route=\/wp\/v2\/pages\/22715"}],"collection":[{"href":"https:\/\/gabyceramique.fr\/index.php?rest_route=\/wp\/v2\/pages"}],"about":[{"href":"https:\/\/gabyceramique.fr\/index.php?rest_route=\/wp\/v2\/types\/page"}],"author":[{"embeddable":true,"href":"https:\/\/gabyceramique.fr\/index.php?rest_route=\/wp\/v2\/users\/1"}],"replies":[{"embeddable":true,"href":"https:\/\/gabyceramique.fr\/index.php?rest_route=%2Fwp%2Fv2%2Fcomments&post=22715"}],"version-history":[{"count":6,"href":"https:\/\/gabyceramique.fr\/index.php?rest_route=\/wp\/v2\/pages\/22715\/revisions"}],"predecessor-version":[{"id":22741,"href":"https:\/\/gabyceramique.fr\/index.php?rest_route=\/wp\/v2\/pages\/22715\/revisions\/22741"}],"wp:attachment":[{"href":"https:\/\/gabyceramique.fr\/index.php?rest_route=%2Fwp%2Fv2%2Fmedia&parent=22715"}],"curies":[{"name":"wp","href":"https:\/\/api.w.org\/{rel}","templated":true}]}}